 of 286011529?
286011529
List the prime factors of 4529125164.
2, 3, 97, 349, 11149
List the prime factors of 691463775.
3, 5, 59, 307, 509
List the prime factors of 1217187128.
2, 79, 1925929
What are the prime factors of 326002553?
59, 5525467
What are the prime factors of 78133310?
2, 5, 7813331
What are the prime factors of 6072403?
37, 337, 487
What are the prime factors of 15495733?
11, 1408703
What are the prime factors of 116463139?
13, 689131
List the prime factors of 1123490269.
11, 23, 4440673
What are the prime factors of 63363361?
63363361
List the prime factors of 79559801.
4483, 17747
List the prime factors of 1453062502.
2, 59, 379, 32491
List the prime factors of 24281714.
2, 241, 50377
What are the prime factors of 26315472?
2, 3, 548239
List the prime factors of 146659282.
2, 7, 11, 109, 8737
What are the prime factors of 235129337?
59, 3985243
What are the prime factors of 641229061?
11, 67, 743, 1171
What are the prime factors of 1606449308?
2, 401, 1001527
What are the prime factors of 313093876?
2, 41, 1909109
What are the prime factors of 2364121207?
7, 3643, 92707
List the prime factors of 1204038693.
3, 11, 13, 85049
What are the prime factors of 595792812?
2, 3, 17, 41, 71233
List the prime factors of 92675424.
2, 3, 965369
List the prime factors of 454977586.
2, 7, 971, 33469
What are the prime factors of 13389366?
2, 3, 223, 10007
What are the prime factors of 774354106?
2, 1723, 224711
List the prime factors of 178098977.
7, 74177
What are the prime factors of 34248122?
2, 67, 431, 593
What are the prime factors of 79934490?
2, 3, 5, 888161
List the prime factors of 137079128.
2, 17134891
What are the prime factors of 214468250?
2, 5, 857873
What are the prime factors of 243840436?
2, 7, 1613, 5399
List the prime factors of 77436294.
2, 3, 13, 281, 3533
List the prime factors of 3298357286.
2, 7, 4808101
What are the prime factors of 70173146?
2, 35086573
What are the prime factors of 93650489?
4073, 22993
List the prime factors of 60521824.
2, 11, 171937
What are the prime factors of 145015837?
197, 736121
What are the prime factors of 1458167920?
2, 5, 11, 19, 87211
List the prime factors of 621978307.
47, 109, 167, 727
What are the prime factors of 48999477?
3, 16333159
List the prime factors of 217444918.
2, 108722459
List the prime factors of 1620631795.
5, 29, 31, 360541
What are the prime factors of 25510349?
25510349
What are the prime factors of 3119220486?
2, 3, 17, 23, 163, 2719
What are the prime factors of 3918546488?
2, 239, 2049449
List the prime factors of 34691793.
3, 11563931
What are the prime factors of 2983484167?
2983484167
List the prime factors of 474363257.
17, 27903721
What are the prime factors of 18061042?
2, 2423, 3727
What are the prime factors of 1800104022?
2, 3, 61, 167, 9817
List the prime factors of 5879291283.
3, 4691, 15473
What are the prime factors of 102385453?
53, 1931801
What are the prime factors of 1024216077?
3, 341405359
List the prime factors of 2336131190.
2, 5, 2903, 80473
What are the prime factors of 215389270?
2, 5, 311, 69257
List the prime factors of 11932443.
3, 101, 13127
What are the prime factors of 2179717170?
2, 3, 5, 72657239
List the prime factors of 297112604.
2, 17, 4369303
What are the prime factors of 7647489883?
11, 695226353
What are the prime factors of 35038978?
2, 13, 73, 18461
List the prime factors of 1372370077.
13, 1933, 4201
What are the prime factors of 58519365?
3, 5, 617, 6323
What are the prime factors of 66063783?
3, 1409, 15629
What are the prime factors of 148293599?
148293599
What are the prime factors of 328960124?
2, 1153, 71327
List the prime factors of 28650261.
3, 9550087
List the prime factors of 185408561.
13, 43, 47, 7057
List the prime factors of 458945926.
2, 149, 1540087
List the prime factors of 1616884813.
263, 6147851
List the prime factors of 21107323.
3121, 6763
List the prime factors of 405515021.
67, 6052463
What are the prime factors of 5082878?
2, 2541439
What are the prime factors of 90941613?
3, 7, 631, 6863
List the prime factors of 1819659980.
2, 5, 199, 457201
List the prime factors of 1564440926.
2, 6841, 114343
List the prime factors of 2497344895.
5, 19, 53, 89, 5573
List the prime factors of 3230262568.
2, 13, 31060217
What are the prime factors of 1784851468?
2, 446212867
List the prime factors of 118088419.
1087, 108637
What are the prime factors of 35768024?
2, 4471003
What are the prime factors of 318159685?
5, 47, 107, 12653
What are the prime factors of 417214980?
2, 3, 5, 7, 13, 25471
List the prime factors of 1522456118.
2, 10259, 74201
What are the prime factors of 492350973?
3, 53, 3096547
What are the prime factors of 383500640?
2, 5, 29, 82651
What are the prime factors of 82382855?
5, 1607, 10253
List the prime factors of 1863935675.
5, 7, 17, 626533
List the prime factors of 1395377456.
2, 11, 29, 31, 8819
List the prime factors of 411897497.
11, 1237, 30271
What are the prime factors of 553910?
2, 5, 7, 41, 193
List the prime factors of 725944598.
2, 67, 5417497
What are the prime factors of 400509953?
17, 23559409
What are the prime factors of 275167994?
2, 19, 7241263
List the prime factors of 14338732.
2, 109, 32887
List the prime factors of 53701034.
2, 839, 32003
List the prime factors of 1645853436.
2, 3, 17, 2689303
What are the prime factors of 4180638397?
13, 151, 2129719
What are the prime factors of 1203990985?
5, 331, 727487
What are the prime factors of 161275861?
71, 449, 5059
What are the prime factors of 286348598?
2, 143174299
What are the prime factors of 214244996?
2, 7, 7651607
What are the prime factors of 32815205?
5, 31, 211711
What are the prime factors of 1360160054?
2, 11, 61825457
List the prime factors of 97692707.
7, 23, 599, 1013
List the prime factors of 212274489.
3, 7, 149, 179, 379
What are the prime factors of 31846060?
2, 5, 29, 54907
What are the prime factors of 2215417878?
2, 3, 43, 11779
List the prime factors of 209080019.
71, 2944789
What are the prime factors of 361113158?
2, 7, 41, 59, 10663
List the prime factors of 1186490630.
2, 5, 13, 29, 314719
What are the prime factors of 326563493?
1637, 199489
List the prime factors of 6530632436.
2, 107, 131, 269, 433
What are the prime factors of 33385506?
2, 3, 7, 11, 127, 569
List the prime factors of 949309358.
2, 367, 569, 2273
What are the prime factors of 367381995?
3, 5, 79, 310027
What are the prime factors of 6186805111?
6186805111
List the prime factors of 89205022.
2, 191, 293, 797
What are the prime factors of 469257945?
3, 5, 13, 467, 5153
List the prime factors of 26372622.
2, 3, 4395437
What are the prime factors of 3483988479?
3, 97, 1471, 2713
What are the prime factors of 621185105?
5, 73, 1701877
List the prime factors of 27133737.
3, 9044579
List the prime factors of 129906185.
5, 23, 1129619
What are the prime factors of 751279849?
107, 139, 50513
What are the prime factors of 778264218?
2, 3, 4217, 10253
What are the prime factors of 318050880?
2, 3, 5, 7, 19, 47, 53
List the prime factors of 4063285899.
3, 223, 919, 2203
List the prime factors of 2891297435.
5, 13, 1901, 23399
List the prime factors of 1372724986.
2, 443, 1549351
List the prime factors of 68429971.
68429971
List the prime factors of 320297569.
281, 1139849
What are the prime factors of 38868765?
3, 5, 13, 47, 4241
What are the prime factors of 57298543?
23, 599, 4159
What are the prime factors of 497339334?
2, 3, 27629963
List the prime factors of 124942242.
2, 3, 4409, 4723
What are the prime factors of 8788167848?
2, 1098520981
List the prime factors of 1430083061.
11, 17, 29, 89, 2963
List the prime factors of 109486689.
3, 13, 457, 6143
List the prime factors of 50896636.
2, 7, 1817737
List the prime factors of 1986232372.
2, 31, 37, 41, 10559
What are the prime factors of 1123488792?
2, 3, 17, 101987
List the prime factors of 39569354.
2, 11, 37, 48611
List the prime factors of 11300122.
2, 863, 6547
What are the prime factors of 605176631?
53, 1613, 7079
What are the prime factors of 185873145?
3, 5, 12391543
List the prime factors of 117723700.
2, 5, 1177237
List the prime factors of 23337834.
2, 3, 13, 433, 691
What are the prime factors of 100238945?
5, 23, 871643
What are the prime factors of 7729